iple of 9?
True
Does 10 divide 285450?
True
Does 7 divide 583107?
True
Is 53 a factor of 36347877?
True
Is 4 a factor of 187228?
True
Is 102960 a multiple of 10?
True
Is 3 a factor of 571827?
True
Is 2156068 a multiple of 4?
True
Is 65 a factor of 82810?
True
Is 13 a factor of 601900?
True
Is 1921128 a multiple of 152?
True
Is 661323 a multiple of 8?
False
Does 22 divide 523748?
False
Does 135 divide 15660?
True
Is 18 a factor of 1463655?
False
Does 10 divide 1146550?
True
Is 57529 a multiple of 282?
False
Is 503364 a multiple of 8?
False
Is 110904 a multiple of 3?
True
Is 68916 a multiple of 4?
True
Is 348 a factor of 2463381?
False
Does 15 divide 17334840?
True
Does 389 divide 324371?
False
Is 2550405 a multiple of 533?
True
Is 23325 a multiple of 48?
False
Does 1069 divide 7904186?
True
Does 231 divide 386882?
False
Is 2588328 a multiple of 69?
True
Is 24220 a multiple of 28?
True
Is 264204 a multiple of 63?
False
Does 39 divide 567575?
False
Does 6 divide 1353354?
True
Does 25 divide 713925?
True
Is 165414 a multiple of 114?
True
Is 6801200 a multiple of 1960?
True
Is 56 a factor of 984578?
False
Does 350 divide 317701?
False
Does 147 divide 267539?
False
Is 3310234 a multiple of 126?
False
Is 155803 a multiple of 53?
False
Is 3633410 a multiple of 5?
True
Does 4 divide 204750?
False
Is 10 a factor of 29520?
True
Is 30411 a multiple of 3?
True
Is 177839 a multiple of 13?
False
Is 16 a factor of 596237?
False
Is 18 a factor of 17218368?
True
Does 157 divide 1505316?
True
Does 577 divide 13671438?
True
Is 181 a factor of 19373516?
True
Is 7 a factor of 3123815?
False
Does 12 divide 173401?
False
Is 8475971 a multiple of 86?
False
Is 3496541 a multiple of 103?
True
Does 103 divide 1493294?
True
Is 323755 a multiple of 17?
False
Does 136 divide 62696?
True
Does 112 divide 2976119?
False
Is 33 a factor of 27791?
False
Is 169 a factor of 177666?
False
Does 236 divide 99378?
False
Does 12 divide 6624648?
True
Does 348 divide 370968?
True
Is 313896 a multiple of 29?
True
Is 136587 a multiple of 118?
False
Does 9 divide 60300?
True
Does 26 divide 9022?
True
Is 374712 a multiple of 156?
True
Is 100 a factor of 2556?
False
Is 3413627 a multiple of 145?
False
Is 2596429 a multiple of 1851?
False
Does 699 divide 1784547?
True
Does 35 divide 2386210?
False
Does 10 divide 417418?
False
Is 587628 a multiple of 9?
True
Is 485 a factor of 96030?
True
Is 196685 a multiple of 139?
True
Does 122 divide 201788?
True
Does 10 divide 1514665?
False
Is 436119 a multiple of 111?
True
Does 103 divide 63104?
False
Is 1436799 a multiple of 57?
True
Does 45 divide 517860?
True
Is 208 a factor of 521872?
True
Is 110 a factor of 62541?
False
Is 4 a factor of 56260?
True
Is 20 a factor of 381360?
True
Is 9660596 a multiple of 268?
True
Does 161 divide 55810?
False
Is 732247 a multiple of 6?
False
Is 82764 a multiple of 132?
True
Is 519 a factor of 85116?
True
Is 205110 a multiple of 105?
False
Is 754 a factor of 293306?
True
Does 3 divide 5115240?
True
Is 130 a factor of 1870180?
True
Is 211248 a multiple of 9?
True
Does 85 divide 231795?
True
Is 7 a factor of 39410?
True
Is 66462 a multiple of 38?
True
Is 1321 a factor of 11591775?
True
Is 18 a factor of 2068056?
True
Is 7 a factor of 151039?
True
Is 7825 a multiple of 5?
True
Does 10 divide 165640?
True
Is 445543 a multiple of 822?
False
Is 422 a factor of 3706681?
False
Is 70915 a multiple of 3?
False
Is 4 a factor of 524502?
False
Is 167636 a multiple of 26?
False
Is 2160850 a multiple of 23?
True
Is 6956546 a multiple of 38?
True
Is 171 a factor of 378395?
False
Is 19 a factor of 5083049?
False
Is 73 a factor of 575751?
True
Does 49 divide 156751?
True
Does 1115 divide 9275685?
True
Is 620 a factor of 8907246?
False
Is 312 a factor of 280013?
False
Is 26818 a multiple of 56?
False
Does 6 divide 91411?
False
Does 105 divide 1295982?
False
Is 505449 a multiple of 113?
True
Is 114 a factor of 181958?
False
Does 58 divide 366480?
False
Does 302 divide 98452?
True
Is 6522336 a multiple of 13?
False
Does 449 divide 8310541?
True
Is 101 a factor of 83851?
False
Does 44 divide 81610?
False
Is 16 a factor of 72422?
False
Is 13152913 a multiple of 67?
False
Is 11021423 a multiple of 833?
True
Is 638656 a multiple of 8?
True
Is 6988173 a multiple of 263?
True
Is 283 a factor of 849849?
True
Does 97 divide 221203?
False
Is 15 a factor of 3358?
False
Is 2 a factor of 34260?
True
Is 414 a factor of 6393816?
True
Is 5050063 a multiple of 701?
False
Is 37 a factor of 402131?
False
Does 635 divide 76959?
False
Is 1171 a factor of 2244572?
False
Does 5 divide 180568?
False
Does 124 divide 871720?
True
Is 49 a factor of 783167?
True
Is 1034075 a multiple of 25?
True
Does 287 divide 183106?
True
Is 14 a factor of 5428117?
False
Is 29377 a multiple of 32?
False
Is 10 a factor of 305887?
False
Is 22820 a multiple of 35?
True
Is 226923 a multiple of 296?
False
Is 4 a factor of 645248?
True
Is 157040 a multiple of 20?
True
Is 74 a factor of 262034?
True
Is 16753 a multiple of 13?
False
Does 67 divide 16999?
False
Is 31 a factor of 137516?
True
Is 17916 a multiple of 12?
True
Does 41 divide 25560614?
False
Is 244305 a multiple of 183?
True
Is 141350 a multiple of 6?
False
Is 91 a factor of 767312?
True
Does 5 divide 6858860?
True
Does 425 divide 1021668?
False
Does 24 divide 764016?
True
Is 61020 a multiple of 15?
True
Is 63719 a multiple of 27?
False
Is 1632168 a multiple of 12?
True
Is 7727883 a multiple of 3?
True
Is 1783002 a multiple of 530?
False
Does 552 divide 424250?
False
Is 3702921 a multiple of 1873?
True
Does 9 divide 4185540?
True
Does 95 divide 737869?
False
Is 6 a factor of 3845352?
True
Does 14 divide 536921?
False
Does 179 divide 1760465?
True
Does 19 divide 12360382?
False
Does 9 divide 533877?
False
Is 331844 a multiple of 92?
True
Is 6781920 a multiple of 16?
True
Is 9 a factor of 67788?
True
Does 24 divide 667680?
True
Is 2 a factor of 816236?
True
Is 437 a factor of 5917854?
True
Does 36 divide 34576?
False
Is 604154 a multiple of 232?
False
Does 18 divide 224028?
True
Is 515 a multiple of 5?
True
Is 18108 a multiple of 3?
True
Is 199 a factor of 399800?
False
Is 115 a factor of 2863500?
True
Does 86 divide 74128?
False
Is 223 a factor of 11167708?
False
Is 190 a factor of 2579242?
False
Is 11 a factor of 8458373?
True
Does 16 divide 5682752?
True
Is 153876 a multiple of 4?
True
Is 124 a factor of 144899?
False
Is 16 a factor of 733276?
False
Is 239 a factor of 6453?
True
Is 306072 a multiple of 8?
True
Does 25 divide 368250?
True
Is 508720 a multiple of 524?
False
Is 49068 a multiple of 87?
True
Is 108 a factor of 73224?
True
Is 7 a factor of 1925328?
False
Is 27 a factor of 941922?
True
Does 67 divide 159064?
False
Is 6537564 a multiple of 455?
False
Is 324 a factor of 343907?
False
Is 43 a factor of 26843?
False
Does 762 divide 8545442?
False
Is 6 a factor of 56942?
False
Is 158203 a multiple of 36?
False
Is 25 a factor of 1528625?
True
Is 73017 a multiple of 11?
False
Is 9552 a multiple of 4?
True
Is 14990 a multiple of 3?
False
Is 12 a factor of 16292960?
False
Is 244 a factor of 158179?
False
Does 11 divide 397254?
True
Is 69 a factor of 52605?
False
Does 200 divide 5014?
False
Is 5 a factor of 852265?
True
Does 46 divide 780449?
False
Is 1279759 a multiple of 13?
True
Does 1336 divide 4955224?
True
Is 15417729 a multiple of 911?
False
Does 3 divide 309826?
False
Does 94 divide 354286?
True
Is 10 a factor of 10950?
True
Does 34 divide 597350?
False
Is 126367 a multiple of 221?
False
Is 552480 a multiple of 12?
True
Does 171 divide 202638?
False
Is 79665 a multiple of 29?
False
Is 60 a factor of 69060?
True
Does 3 divide 92373?
True
Does 142 divide 3266142?
True
Is 34098 a multiple of 110?
False
Does 10 divide 46714?
False
Does 40 divide 676408?
False
Is 91 a factor of 10779?
False
Is 51 a factor of 59953?
False
Does 146 divide 267764?
True
Does 49 divide 17032596?
True
Is 28 a factor of 161607?
False
Does 467 divide 290941?
True
Is 26 a factor of 192686?
True
Does 5 divide 973345?
True
Is 78211 a multiple of 21?
False
Does 82 divide 99875?
False
Is 18214585 a multiple of 642?
False
Is 1805033 a multiple of 71?
True
Is 1868 a factor of 14504185?
False
Is 46 a factor of 36156?
True
Does 876 divide 4584475?
Fals